 2*f - 60. Suppose -f*a = -9*a - 2538. What are the prime factors of a?
3, 47
Let u(i) be the third derivative of i**5/6 - 2*i**2. Suppose -4*q + 308 - 304 = 0. List the prime factors of u(q).
2, 5
Suppose -33*o = -262662 - 182541. What are the prime factors of o?
3, 1499
Suppose -3*q = -5*r - 17853, 4*r - 2208 = -q + 3777. List the prime factors of q.
3, 1987
Suppose l + 9*c - 6*c - 3410 = 0, -c = l - 3414. Suppose l = 8*t - 4*t. What are the prime factors of t?
2, 7, 61
What are the prime factors of 17276 + 1 + 1040/320 + (-2)/8?
2, 3, 5
Suppose -c - 14 = -5*m, c = -3*m + 2*m + 10. Let q(b) = 149*b + 35. What are the prime factors of q(c)?
929
Suppose -82*q + 2210 = 7540. Let y = -327 - -184. Let c = q - y. List the prime factors of c.
2, 3, 13
Let z = 74 - 72. What are the prime factors of (-2 - 0)/(-2)*20*z?
2, 5
Suppose 2*j = -5*q + 39441, 292 - 79125 = -4*j - 3*q. What are the prime factors of j?
17, 19, 61
Let q be (28/15)/14 - (-25976)/30. Let g = -243 + q. List the prime factors of g.
7, 89
Suppose 6*a - 8*a + 460 = 4*i, 5*i = 4*a + 588. Suppose i*g = 133*g - 25602. List the prime factors of g.
2, 3, 251
Suppose 5*k - 3*a = -0*k + 13, -4*a = 4. Suppose 3*i = 6, 3*g + 43 = k*i + 330. List the prime factors of g.
97
Let k = 1706 + -872. Suppose 0 = 4*i - 2*n - 1090, 5*n = 3*i + 9*n - k. List the prime factors of i.
2, 137
Let s(c) = 206*c**2 - 18*c - 31. List the prime factors of s(-4).
47, 71
Suppose 0 = 4*k + 3*r + 53, -2*k - 2*r - 34 = -8. Let y be k*(-1 + 3/6). Suppose t + y = -4*h, 0 = 5*t - 3*h - 15 - 19. What are the prime factors of t?
5
Let j = 1035 + -316. Suppose -3*t = -j - 613. List the prime factors of t.
2, 3, 37
Suppose 693*p = 698*p - 15. What are the prime factors of (-47)/p*(-5 - -2)?
47
Suppose -350 = 19*k + 49. Let q(y) = 3*y**2 - 4*y**2 - 28*y - 7 + 0*y**2 + 0*y**2. What are the prime factors of q(k)?
2, 5, 7
Let o(b) = 1805*b - 8878. List the prime factors of o(26).
2, 3, 7, 151
Suppose -5*q - 5*t + 17350 = 0, 0 = 4*q + q - 6*t - 17383. What are the prime factors of q?
23, 151
Let k(b) = b**3 - 14*b**2 + 43*b - 31. Let s(j) = 3*j**2 + 18*j - 7. Let o be s(-7). List the prime factors of k(o).
571
Suppose -4*m = -w - m + 3173, -12660 = -4*w + 4*m. List the prime factors of w.
29, 109
Suppose 3*j - 6 = 6*j. Let c be (0 - 67/j)*-34. List the prime factors of 4/(-10) + c/(-85).
13
Suppose 3*a - 15 = -2*s, -3*s - 5*a = -15 - 9. Suppose -3*y - 521 = 4*r - 4*y, s*y = 3. Let g = r + 246. What are the prime factors of g?
2, 29
Let f(w) = 14*w**2 + 14*w + 0*w**2 - 13*w - 19. What are the prime factors of f(9)?
2, 281
List the prime factors of (-4779)/(-36)*11016/34.
3, 59
Suppose 2*o = 7*o - 140. Suppose -s = 4*k + 13, 10*s - 8*s + 34 = -4*k. List the prime factors of 414/s*o/(-4).
2, 3, 23
Let j = -329 + 405. What are the prime factors of ((-18183)/j)/((-6)/16)?
2, 11, 29
Suppose 15 = 4*d + 5*y, 4*d = -y + 13 + 6. Suppose 0 = d*q - 5*c - 10, -4*q + 5*c - 1 = -5. Suppose q*t + 127 = 607. What are the prime factors of t?
2, 5
Let o(q) = q**3 - 35*q**2 + 37*q - 102. Let s be o(34). Suppose 3*x - 1351 - 1478 = s. What are the prime factors of x?
23, 41
Suppose 0 = 5*h + 13785 + 17775. What are the prime factors of h/(-30) - 14/35?
2, 3, 5, 7
Let s = 133 + -127. Let a be -1 + 27*s + -5. List the prime factors of 8/a*-3 - (-6452)/26.
2, 31
Let m = 241 - 216. Suppose -20*u = -m*u + 1355. What are the prime factors of u?
271
Let p(k) = -7*k + 190. Let u be p(24). Suppose -y - 1743 = -u*y. List the prime factors of y.
83
Suppose -93*o = 99*o - 197*o + 62530. What are the prime factors of o?
2, 13, 37
Let k(c) = 33 - 2*c - 4*c + c**2 - 23. Let w be k(5). Suppose w*q + 10 - 110 = 0. What are the prime factors of q?
2, 5
Let d be (-1)/((-5)/2) - (-9)/15. Let j be (d + -2)/(2/(-4)). List the prime factors of (3 - (-14)/(-4))*-30 + j.
17
Suppose -99*o + 117*o - 144 = 0. Let x(s) = 236*s - 360. What are the prime factors of x(o)?
2, 191
Let u = 2433 - -5159. List the prime factors of u.
2, 13, 73
Let y = 1460 - -1283. What are the prime factors of y?
13, 211
Let p = 20599 - 8909. List the prime factors of p.
2, 5, 7, 167
Suppose 9*p - 8*p - k + 1 = 0, 0 = 2*p + 5*k - 19. Suppose -5*h + 5*c = 4*c - 1126, p*c - 234 = -h. List the prime factors of h.
2, 113
Let t(g) = 2*g**2 - 6*g - 104. Let n be t(-6). Suppose -5*i - w - 2286 + 8361 = 0, n*w - 3662 = -3*i. List the prime factors of i.
2, 607
Let x be 33/(-9) - -3 - 2/(-3). Suppose -2*h - 5 = -m, m - h - 1 + 0 = x. What are the prime factors of ((-34)/5)/((m/(-5))/(-3))?
2, 17
Suppose 2*t - 41 = -2*z + 17, -4*t + 122 = z. Let f = t + -29. Suppose 0 = -3*p + f*o + 51, 5*p - 5*o - 53 = 27. List the prime factors of p.
19
Let r(v) = 30*v**3 - 3*v**2 - 21*v + 44. List the prime factors of r(5).
2, 13, 139
What are the prime factors of ((-623)/(-5))/(28/(2677 + -17))?
7, 19, 89
Suppose 2*l + 5*x - 82376 = -25448, x + 28436 = l. List the prime factors of l.
2, 13, 547
Let j be 6/(-8) - 598/(-104). Suppose 0 = j*g - 2 + 37. Let b(s) = -8*s - 11. List the prime factors of b(g).
3, 5
Let l = -3 - -9. Let c(w) = -9*w**2 + 5*w + 2. Let d(t) = -8*t**2 + 4*t + 3. Let n(m) = l*c(m) - 7*d(m). List the prime factors of n(6).
3, 5
Let k(a) = 20*a - 6. Let g(x) = 8*x - 8*x + 5 - 20*x. Let w(s) = 3*g(s) + 4*k(s). List the prime factors of w(5).
7, 13
Suppose 2*w - 4*y - 18944 = 0, 10*y + 9 = 11*y. What are the prime factors of w?
2, 5, 13, 73
Let a = 4382 + -2551. Suppose -22*l - a = -11951. List the prime factors of l.
2, 5, 23
Suppose 8*d - 25 = 47. Suppose d*y + 10304 = 23*y. List the prime factors of y.
2, 23
Suppose 0 = -t - j + 16098, t - 2*j - 12634 = 3467. What are the prime factors of t?
17, 947
Let u(x) = -9*x**3 + 12*x**2 + 7*x - 5. Let f(c) = 5*c**3 - 6*c**2 - 3*c + 2. Let p(h) = -7*f(h) - 4*u(h). List the prime factors of p(10).
2, 3, 7
Let r(i) = -i**3 + 5*i**2 - i + 7. Let k be r(5). Suppose -6 = -3*s + k*f, -5*s + 10 = -0*s + 4*f. List the prime factors of s/(14/523) + (-16)/(-56).
3, 5
Let l = -104 + 104. Suppose 7*i - 8*i + 288 = l. Suppose 14*w - i = -64. What are the prime factors of w?
2
Suppose 0 = 174*o - 804165 - 2753265. List the prime factors of o.
3, 5, 29, 47
Let h(q) = q**3 + 4*q**2 + 2*q + 6. Let x be h(-3). List the prime factors of (3 - x - 3) + 1093.
2, 271
Suppose -63810 = -3*x - 4*u, -3*u - 24838 - 38993 = -3*x. What are the prime factors of x?
2, 11, 967
Let f(p) = -83*p - 12. Let z be f(-2). Suppose -3*u - u - z = -q, 2*q = -5*u + 321. List the prime factors of q.
2, 79
What are the prime factors of (36469 + -1)*(-930)/(-744)?
3, 5, 1013
Let k(w) = 7*w - 2 + 144*w**2 + 234*w**2 + 27*w**2 - 9*w. What are the prime factors of k(1)?
401
Let u be -2*(0 - 1)*177/118. Suppose -7*l + 3*l = -4*h - 1008, u*l + 5*h - 756 = 0. What are the prime factors of l?
2, 3, 7
Suppose 257*i - 363227 = 226*i. What are the prime factors of i?
11717
Let z = -74 - -85. Let s(n) be the third derivative of -n**6/120 + 11*n**5/60 + n**4/3 - 2*n**3 + 49*n**2. What are the prime factors of s(z)?
2, 19
Let v(t) = -9635*t - 885. What are the prime factors of v(-2)?
5, 3677
Let z(y) = -y**2 + 10*y - 28. Let b be z(3). Let r(i) = 7*i**2 + 13*i + 47. List the prime factors of r(b).
13, 23
Suppose -9*o + 0 = -45. Suppose -p = -5*c + 8708, -o*p = -3*c + 8068 - 2852. What are the prime factors of c?
2, 13, 67
Let v = 1 - -2. Suppose -x = -4*k - 43, v = 3*x - 2*k - 176. Suppose -2*f - x = -3*f. What are the prime factors of f?
3, 7
Let b be (30/9)/(1/(-6)). Let q(g) = -20*g**3 - 2*g + 71 - 20*g**2 + 19*g**3 - 76. What are the prime factors of q(b)?
5, 7
Let f(r) = 3*r + 82. Let b be f(-28). List the prime factors of 7/(b + (-413)/(-203)).
7, 29
What are the prime factors of (2/11 - 34/187) + 3 + 8415?
2, 3, 23, 61
Let x = -7163 - -21495. What are the prime factors of x?
2, 3583
Let o = 87 + -89. Let i be ((-15)/o)/((-3)/(-6)). Suppose -324 = i*w - 18*w. List the prime factors of w.
2, 3
Suppose 7 = -z - 1. Let a(g) be the first derivative of g**3/3 - 2*g**2 + 26*g - 7. What are the prime factors of a(z)?
2, 61
Suppose -5009 - 3532 = -x - 5*z, 2*z = 2*x - 17034. List the prime factors of x.
8521
Let b = -185 + 196. Suppose -b*s + 1639 = -1507. List the prime factors of s.
2, 11, 13
Let s be (-2)/5 - 2/(-5). 